 3/t. What is o(f)?
13
Let t be (-60)/6*1/2. Let b(u) = u**3 + 5*u**2 + 2*u - 3. Calculate b(t).
-13
Let k(p) = 5*p**2 - 7*p - 2. Let i(c) = 4*c**2 - 6*c - 1. Let l(a) = 4*i(a) - 3*k(a). Calculate l(4).
6
Suppose 3*v - 4 - 8 = 0. Suppose v*m + 20 = -m. Let w(q) = -6*q**2 - 2 - 3*q - q**3 + 2*q**2 + 4*q. Determine w(m).
-6
Let v be (144/20)/6*-5. Let o(z) be the second derivative of z**5/20 + 7*z**4/12 + z**3 - 3*z**2 + 2*z. Give o(v).
-6
Let x(r) = 6*r - 55. Let p(j) = -j + 11. Let l(i) = -11*p(i) - 2*x(i). Let n be l(-6). Let k(u) = -u**3 - 5*u**2 - 2. Calculate k(n).
-2
Let p(v) = 2*v**3 + v**2 + 2*v + 1. Let y = 0 - -1. Let t(z) = z**3 - z**2 - z - 1. Let f = 2 - 1. Let h(c) = f*p(c) + y*t(c). Determine h(1).
4
Let l(r) = 4*r - 3*r - r**2 - 6 + r + 3. Let t be 27/(-6) - (-1)/2. Let x = -1 - t. Determine l(x).
-6
Let s(l) be the first derivative of -l**3/3 + 9*l**2/2 + 8*l - 18. Give s(8).
16
Let a(v) = 20*v**2 + 9*v - 22. Let i(d) = -7*d**2 - 3*d + 8. Let p(l) = -4*a(l) - 11*i(l). Let j = -2 + 0. Determine p(j).
-6
Let j(l) be the third derivative of l**4/12 - 7*l**3/6 + l**2. Suppose 2*m - 5 = 5. Calculate j(m).
3
Let f(n) be the third derivative of n**5/60 - n**4/24 + n**3/6 - 9*n**2. Determine f(2).
3
Let y(f) = 17*f**2 + 2*f + 1. Let l(a) = a**3 + 6*a**2 + 6*a - 9. Let b be l(-4). Give y(b).
16
Suppose 5*v + 38 = 2*b, 4*v - 4*b + 30 = -2*b. Let d be 1*3 + v + 6. Let a(x) be the third derivative of -7*x**5/60 + x**4/24 - x**2. Determine a(d).
-6
Let h(g) = g + 2. Let o(m) be the second derivative of m**3/2 + m**2/2 - m. Let v be o(-1). Let a be 18/4 - v/(-4). Give h(a).
6
Let m be (-11)/(-3) - (-2)/6. Suppose 3*r + 12 = 7*r. Let h(s) = -s**r + 1 - 2 + 3*s**2 + s + 2*s. What is h(m)?
-5
Let x(f) = f**2 + 3*f - 3. Let p(u) = 3*u - 7. Let w be p(5). Suppose w = -3*a - 1. What is x(a)?
-3
Let d(k) = -7*k - 9. Let c(f) = -3*f - 4. Let u(s) = 9*c(s) - 4*d(s). Let m be u(-2). Let y(r) = 0 - 2 - r - 3*r - 3*r**2. Calculate y(m).
-6
Let m(x) = x - 2. Suppose 0 = -s + 29 + 1. Let j be s/4 - (-54)/(-36). What is m(j)?
4
Suppose -13 = -4*q + 2*c + c, 2 = 2*c. Let i(j) = -4 - 1 + 6 + 2*j**2 - q*j**2 - j. Give i(2).
-9
Suppose -1 - 9 = 5*r. Let u(o) be the second derivative of -o**5/10 - o**4/3 - o**3/2 - 15*o. Determine u(r).
6
Let r be 19/(-114) + (-46)/12. Let c(j) = j. Let p(q) = q**3 + 4*q**2 + 2*q - 2. Let a(y) = -3*c(y) + p(y). Determine a(r).
2
Let l(p) = -p**3 + 6*p**2 - p - 3. Let o(v) = -3*v - 9. Let c be o(-5). Give l(c).
-9
Let p = 0 + -4. Suppose -3 - 1 = -w. Let b(z) = -z + 4 + 2*z + z**3 + 1 + w*z**2. Determine b(p).
1
Let u(i) = i - 2. Let x be (-39)/6 + 4/(-8). What is u(x)?
-9
Let i(k) = 3*k + 2. Let z(m) = -m**3 + 18*m**2 + 20*m - 26. Let l be z(19). Give i(l).
-19
Let r(u) be the third derivative of -u**4/24 - u**3/6 + 13*u**2. What is r(-4)?
3
Let g = 49 - 52. Let d(n) = -n**3 - 4*n**2 - 3*n - 1. Give d(g).
-1
Let x = 14 + -13. Let f(g) = 0*g - 2*g - x - 1. Calculate f(-2).
2
Let p(b) be the second derivative of -b**4/12 - b**3/6 + b**2 + 3*b. Let h(i) be the first derivative of p(i). Give h(-2).
3
Let o(r) = 4*r**2 + 17*r + 13. Let c(f) = f**2 + 4*f + 3. Suppose v - 5*v = 8. Let y(t) = v*o(t) + 9*c(t). Let a be -3 + (-1 - -2 - 0). Calculate y(a).
1
Let l(d) = -d**3 + 4*d**2 - 3*d + 2. Let x be l(3). Suppose -4*s = -4*n + 2*n - 16, 0 = n + 2*s - 4. Let b = n - x. Let p(g) = 2*g + 4. Determine p(b).
-4
Let o(n) = 3*n. Let x(s) = -8*s + 2. Let j be x(-2). Suppose 0 = 4*p - 7*p - j. Let w be 6/4 + 3/p. Give o(w).
3
Let s(z) = -7*z**2 + 7*z + 10. Let d(n) = 13*n**2 - 14*n - 19. Let l(v) = 6*d(v) + 11*s(v). Determine l(6).
-10
Let j(l) = -15 + 2*l - 17 - 10 + 47. Calculate j(-4).
-3
Let x(d) = 8*d**2 - 2*d - 1. Let t = -7 + 8. Let k = 9 + t. Let c = -11 + k. What is x(c)?
9
Let j be 12/(-16) - (-23)/4. Let m(l) be the third derivative of l**5/60 - 5*l**4/24 + 3*l**2. Give m(j).
0
Let s be (-2)/(-3) + 6/(-9). Suppose 2*v - 12 + 4 = s. Let d(o) = v*o - 3*o + 2*o. Determine d(1).
3
Suppose 3*y - 20 = 2*t, -2*y + 35 = -0*y + 3*t. Let k be 3/(-2)*y/(-15). Let n(v) = 4*v**3 + v**2 - 1. Determine n(k).
4
Let l(c) = 4*c. Suppose 3*w + 2 = 4*w. Suppose w*f + 10 = -3*f - 5*d, -d - 1 = 0. Calculate l(f).
-4
Let f(c) = c**2 - 5*c + 1. Let q(x) = x. Let a be q(6). Suppose w = 2*w - a. What is f(w)?
7
Let b(u) = -u + 1. Let m(w) = 7*w - 6. Let i(o) = 6*b(o) + m(o). Let d be i(2). Let x(a) = 3 + 1 + 3*a + a**3 + 0*a**d + 4*a**2. Determine x(-3).
4
Let j(q) = 3*q + 4. Let i be j(-3). Let o(c) = -1 - 3 - c**3 + 3*c + 302*c**2 + 5 - 306*c**2. What is o(i)?
11
Let p(z) = -3*z**2 + z - 2. Let b(t) = -t**2 + t - 1. Let m(u) = 2*b(u) - p(u). Calculate m(-3).
6
Suppose 0 = v + f + 1, -4*v + 2*f + 0*f + 26 = 0. Let p(x) be the third derivative of x**2 - 1/10*x**5 + 0*x + 1/6*x**3 + 1/24*x**v + 0. Determine p(-1).
-6
Let r(z) = 2*z - 1. Suppose -26 = -3*t - 2. Let d be (0 + 1)*(t - 5). Determine r(d).
5
Let u(k) = -k + 2. Let i = 0 - 1. Let w be (2 + -3 + 1)*i. Let t(o) = -o**3 + o - 3. Let m be t(w). Determine u(m).
5
Let k(j) = -j**2 + 4*j - 3. Let r be (-2)/(-6) + (-40)/(-15). Let f be k(r). Let h(a) be the first derivative of -a**4/4 - 3*a - 1. Give h(f).
-3
Let m(o) = -o**3 - 8*o**2 - 8*o - 9. Let k(b) = -b**2 - 5*b - 1. Let h be k(-6). Determine m(h).
-2
Let f(x) = x**2 - 3*x - 1. Let y be f(5). Let m = 12 + 2. Let r = m - y. Let g(h) = -h. What is g(r)?
-5
Let r(l) be the third derivative of -l**5/60 - l**4/4 - l**3/3 - 2*l**2. Let i be (2/6)/(4/(-60)). Give r(i).
3
Let f(h) be the third derivative of -h**6/120 - h**5/6 - 2*h**3/3 + 3*h**2 - 3*h. Calculate f(-10).
-4
Let x(g) = -3*g - 1. Suppose -2*k + 5*k + 2*t - 22 = 0, -k + 3*t = 11. Suppose -k*q = -2*q + 2. Calculate x(q).
2
Let p(j) = -3*j - 3. Let g(r) = 3*r**2. Let f be g(-1). Suppose -5*k + 22 = -q + 2*q, k - 14 = f*q. Calculate p(q).
6
Let k(g) = g + 1. Let j(w) = -2*w + 4. Let n(s) = -j(s) - k(s). What is n(4)?
-1
Let l(v) = -3*v**2 - 2*v - 4. Let u(h) = -7*h**2 - 3*h - 8. Let z(i) = 5*l(i) - 2*u(i). Determine z(-3).
-1
Let p(g) be the third derivative of 5*g**4/24 + g**3/6 - g**2. Suppose 6 + 1 = y. Let i = 6 - y. Determine p(i).
-4
Suppose 0 = -2*v - 3*v + 30. Let x(c) = 4*c - 5. Let w(a) = a - 1. Let j(i) = -2*w(i) + x(i). Calculate j(v).
9
Let m(o) = 24*o**2 + 9 - 24*o**2 + 5*o - o**2. What is m(8)?
-15
Suppose 3*j - 5*y + 2 = -3*y, -2 = j - y. Let v be -1 - -5*1 - j. Let b(w) = -w - 4 - 2*w - 4*w**2 - v - w**3. What is b(-4)?
6
Let j(f) = f + 1. Let l(t) = -t**3 - 5*t**2 + 9*t + 11. Let h be -1*(2 + 0 + -1). Let z(n) = h*l(n) + 2*j(n). Give z(-6).
-3
Let k(q) = -q**3 + 3*q**2 - 4*q + 4. Let v(n) be the second derivative of -n**3/3 + 3*n**2/2 + n. Let b be v(3). Let p be (-10)/b + (-2)/6. Calculate k(p).
-8
Let h = 12 - 8. Let g(y) = -430*y**2 - 2 + 6 + 432*y**2 - 7*y. Give g(h).
8
Let l = 1 - -7. Let g(r) = r**2 - 9*r - 1. Give g(l).
-9
Let m(v) be the first derivative of v**3/3 - 9*v**2/2 + 8*v - 21. Let d be (2 + (-3)/2)*14. Give m(d).
-6
Let p(j) = -262*j + 3*j**3 + 261*j + 12 - 2*j**3. Determine p(0).
12
Let u(b) = -b**2 - 13*b - 17. Let z be u(-11). Let y(l) = -2*l + 7. Calculate y(z).
-3
Let d = -50 - -53. Let z(s) = -s - 1. What is z(d)?
-4
Let a(q) = -q**3 - q + 1. Let z(u) = -5*u**3 - 3*u**2 - u. Let k(s) = 4*a(s) - z(s). Give k(-4).
0
Let y be (-17 - -7) + 4/1. Let p(v) = -v**2 - 6*v - 4. Calculate p(y).
-4
Let l(z) = z**3 - 2*z**2 + 3*z - 3. Let g = 10 + -7. Let a be -2*(-2 + g/3). What is l(a)?
3
Let j(m) be the third derivative of m**6/120 - m**5/12 - 5*m**4/24 - m**3/3 + 6*m**2. Determine j(6).
4
Let u(s) = 5*s**3 - 3*s**2 - 8*s - 8. Let t(d) be the first derivative of -d**4 + d**3 + 7*d**2/2 + 7*d - 3. Let w(o) = -4*t(o) - 3*u(o). What is w(4)?
-4
Suppose b = 6*j - j - 50, -2*j = -5*b + 3. Let x(s) = 3 + 11*s - j*s + s**3. Give x(0).
3
Let o(s) = -3*s + 3. Let d(v) be the second derivative of v**3/6 - v**2/2 + 2*v. Let j be d(3). Let y be o(j). Let a(h) = h**2 + 2*h - 4. Determine a(y).
-1
Let s(m) = 2*m - 3. Let b be 2/4*(-8)/(-2). Let l(r) = r**3 - r**2 - 2*r. Let f be l(2). Let c = b - f. Calculate s(c).
1
Let l(t) = 0 + 0 - t + 7. Suppose h - 3*h - 36 = 0. Let x be (-58)/h - 4/18. Calculate l(x).
4
Let t(n) = -2*n. Let y be t(-2). Let i(w) = -w**2 + 3*w - 3. Give 